 the prime factors of 24409.
7, 11, 317
List the prime factors of 3304.
2, 7, 59
List the prime factors of 872.
2, 109
What are the prime factors of 3306?
2, 3, 19, 29
What are the prime factors of 3937?
31, 127
What are the prime factors of 404?
2, 101
List the prime factors of 2493.
3, 277
What are the prime factors of 386?
2, 193
What are the prime factors of 749?
7, 107
List the prime factors of 99770.
2, 5, 11, 907
What are the prime factors of 818?
2, 409
What are the prime factors of 733?
733
List the prime factors of 2239.
2239
List the prime factors of 54839.
29, 31, 61
List the prime factors of 5755.
5, 1151
What are the prime factors of 12049?
12049
What are the prime factors of 604?
2, 151
What are the prime factors of 490?
2, 5, 7
What are the prime factors of 4528?
2, 283
What are the prime factors of 9832?
2, 1229
List the prime factors of 35930.
2, 5, 3593
List the prime factors of 464.
2, 29
List the prime factors of 6173.
6173
What are the prime factors of 21349?
37, 577
What are the prime factors of 317?
317
What are the prime factors of 4537?
13, 349
What are the prime factors of 36765?
3, 5, 19, 43
List the prime factors of 4976.
2, 311
What are the prime factors of 1510?
2, 5, 151
What are the prime factors of 127222?
2, 63611
What are the prime factors of 5365?
5, 29, 37
List the prime factors of 90429.
3, 43, 701
List the prime factors of 17341.
17341
List the prime factors of 3299.
3299
List the prime factors of 5054.
2, 7, 19
What are the prime factors of 2025?
3, 5
List the prime factors of 40338.
2, 3, 83
List the prime factors of 34140.
2, 3, 5, 569
What are the prime factors of 924?
2, 3, 7, 11
List the prime factors of 689.
13, 53
List the prime factors of 10715.
5, 2143
List the prime factors of 30015.
3, 5, 23, 29
What are the prime factors of 830?
2, 5, 83
List the prime factors of 15839.
47, 337
List the prime factors of 15383.
15383
What are the prime factors of 673?
673
What are the prime factors of 7933?
7933
What are the prime factors of 132633?
3, 14737
List the prime factors of 34764.
2, 3, 2897
List the prime factors of 2138.
2, 1069
List the prime factors of 2660.
2, 5, 7, 19
List the prime factors of 4844.
2, 7, 173
List the prime factors of 16850.
2, 5, 337
List the prime factors of 51133.
51133
What are the prime factors of 5471?
5471
List the prime factors of 445.
5, 89
What are the prime factors of 56156?
2, 101, 139
What are the prime factors of 115515?
3, 5, 17, 151
List the prime factors of 29411.
29411
List the prime factors of 32331.
3, 13, 829
List the prime factors of 2052.
2, 3, 19
What are the prime factors of 79290?
2, 3, 5, 881
What are the prime factors of 1157?
13, 89
List the prime factors of 1956.
2, 3, 163
What are the prime factors of 6702?
2, 3, 1117
List the prime factors of 15124.
2, 19, 199
List the prime factors of 52832.
2, 13, 127
List the prime factors of 6325.
5, 11, 23
What are the prime factors of 284?
2, 71
List the prime factors of 5365.
5, 29, 37
List the prime factors of 4598.
2, 11, 19
List the prime factors of 4460.
2, 5, 223
What are the prime factors of 11531?
13, 887
List the prime factors of 5816.
2, 727
List the prime factors of 6082.
2, 3041
List the prime factors of 177.
3, 59
What are the prime factors of 82700?
2, 5, 827
What are the prime factors of 519?
3, 173
What are the prime factors of 9039?
3, 23, 131
List the prime factors of 1050.
2, 3, 5, 7
List the prime factors of 16978.
2, 13, 653
What are the prime factors of 71039?
71039
List the prime factors of 5104.
2, 11, 29
What are the prime factors of 516?
2, 3, 43
List the prime factors of 3462.
2, 3, 577
What are the prime factors of 312?
2, 3, 13
What are the prime factors of 46713?
3, 23, 677
List the prime factors of 79420.
2, 5, 11, 19
List the prime factors of 2782.
2, 13, 107
List the prime factors of 1666.
2, 7, 17
List the prime factors of 933.
3, 311
What are the prime factors of 94?
2, 47
List the prime factors of 4562.
2, 2281
What are the prime factors of 3298?
2, 17, 97
What are the prime factors of 24884?
2, 6221
List the prime factors of 41413.
41413
List the prime factors of 15387.
3, 23, 223
What are the prime factors of 8409?
3, 2803
List the prime factors of 672.
2, 3, 7
List the prime factors of 8331.
3, 2777
List the prime factors of 12582.
2, 3, 233
List the prime factors of 4268.
2, 11, 97
What are the prime factors of 34007?
31, 1097
What are the prime factors of 1376?
2, 43
List the prime factors of 26302.
2, 13151
List the prime factors of 1330.
2, 5, 7, 19
List the prime factors of 18678.
2, 3, 11, 283
List the prime factors of 2109.
3, 19, 37
What are the prime factors of 1713?
3, 571
List the prime factors of 595.
5, 7, 17
List the prime factors of 72841.
23, 3167
What are the prime factors of 14146?
2, 11, 643
What are the prime factors of 225?
3, 5
What are the prime factors of 46205?
5, 9241
What are the prime factors of 1779?
3, 593
What are the prime factors of 1124?
2, 281
List the prime factors of 77872.
2, 31, 157
What are the prime factors of 4354?
2, 7, 311
List the prime factors of 60609.
3, 89, 227
List the prime factors of 2237.
2237
What are the prime factors of 15835?
5, 3167
What are the prime factors of 12451?
12451
What are the prime factors of 4393?
23, 191
What are the prime factors of 4316?
2, 13, 83
What are the prime factors of 24380?
2, 5, 23, 53
What are the prime factors of 39272?
2, 4909
List the prime factors of 2085.
3, 5, 139
What are the prime factors of 18250?
2, 5, 73
What are the prime factors of 54045?
3, 5, 1201
List the prime factors of 41842.
2, 20921
What are the prime factors of 7491?
3, 11, 227
List the prime factors of 2603.
19, 137
What are the prime factors of 23002?
2, 7, 31, 53
What are the prime factors of 78377?
13, 6029
What are the prime factors of 19215?
3, 5, 7, 61
What are the prime factors of 88752?
2, 3, 43
List the prime factors of 28108.
2, 7027
List the prime factors of 8177.
13, 17, 37
What are the prime factors of 114443?
7, 16349
List the prime factors of 1947.
3, 11, 59
List the prime factors of 23349.
3, 43, 181
List the prime factors of 171.
3, 19
What are the prime factors of 94846?
2, 47, 1009
List the prime factors of 2379.
3, 13, 61
What are the prime factors of 11858?
2, 7, 11
List the prime factors of 55251.
3, 7, 877
What are the prime factors of 5407?
5407
List the prime factors of 1556.
2, 389
What are the prime factors of 29?
29
What are the prime factors of 25180?
2, 5, 1259
What are the prime factors of 1680?
2, 3, 5, 7
List the prime factors of 148271.
67, 2213
List the prime factors of 1033.
1033
List the prime factors of 60405.
3, 5, 4027
List the prime factors of 1984.
2, 31
List the prime factors of 2839.
17, 167
What are the prime factors of 18751?
17, 1103
List the prime factors of 1343.
17, 79
List the prime factors of 62896.
2, 3931
What are the prime factors of 19438?
2, 9719
List the prime factors of 3251.
3251
What are the prime factors of 4031?
29, 139
List the prime factors of 9456.
2, 3, 197
List the prime factors of 1610.
2, 5, 7, 23
What are the prime factors of 2409?
3, 11, 73
List the prime factors of 51829.
51829
List the prime factors of 6249.
3, 2083
What are the prime factors of 438?
2, 3, 73
List the prime factors of 12337.
13, 73
List the prime factors of 10860.
2, 3, 5, 181
What are the prime factors of 16799?
107, 157
What are the prime factors of 6000?
2, 3, 5
What are the prime factors of 9568?
2, 13, 23
What are the prime factors of 50137?
181, 277
What are the prime factors of 1250?
2, 5
What are the prime factors of 110994?
2, 3, 13, 1423
What are the prime factors of 9664?
2, 151
List the prime factors of 1362.
2, 3, 227
List the prime factors of 2698.
2, 19, 71
What are the prime factors of 6698?
2, 17, 197
List the prime factors of 31520.
2, 5, 197
What are the prime factors of 9194?
2, 4597
List the prime factors of 35037.
3, 17, 229
List the prime factors of 143.
11, 13
What are the prime factors of 49048?
2, 6131
What are the prime factors of 124835?
5, 24967
What are the prime factors of 11326?
2, 7, 809
List the prime factors of 164249.
164249
What are the prime factors of 9253?
19, 487
What are the prime factors of 91267?
11, 8297
What are the prime